uppose 2*d + 2*r - 13 = 15, 0 = -2*d + 4*r + 40. Let h = -2 + 1. Let s = h - -145. Calculate the greatest common factor of d and s.
16
Let u(s) = -s**3 - 2*s**2 + s. Let p be u(-3). Calculate the greatest common factor of 6 and p.
6
Suppose 3*u - 22 - 41 = 0. What is the greatest common factor of u and 189?
21
Let z = -222 + 598. What is the greatest common divisor of z and 47?
47
Let w(z) = 22*z. Let b be w(1). Suppose -5*o - 8 = y + 2, -4*o = -2*y + b. Calculate the greatest common divisor of y and 55.
5
Suppose 275 = -313*g + 318*g. Let y(m) = -m**3 + 4*m**2 - 3*m + 3. Let b be y(2). Calculate the highest common divisor of b and g.
5
Let w be 10/5*1 + 190. What is the greatest common divisor of w and 24?
24
Let k(d) = d**3 + 10*d**2 - 2*d - 7. Let n be k(-10). Suppose 5*x - x = 260. Calculate the highest common divisor of n and x.
13
Let f be (1/3)/((-1)/(-33)). What is the highest common divisor of 77 and f?
11
Suppose 31*a = 34*a - 108. What is the greatest common factor of a and 36?
36
Let w be 1 + (-1 - -1 - -1). Let o be 4/4 + 1*w. Let l(p) = -29*p + 4. Let m be l(-1). Calculate the highest common divisor of m and o.
3
Let p = 191 - 167. Calculate the highest common factor of 9 and p.
3
Let r be -11 - -4 - 4/(-2). Let p = r - -16. Calculate the greatest common factor of 55 and p.
11
Suppose -z = -5*t - 20, 0 = -6*t + 2*t + 8. Let w = z + -20. Let y = 26 - 16. What is the highest common divisor of y and w?
10
Let a(z) = 49*z - 12. Let b be a(3). Let r(f) be the first derivative of -2*f**2 - 5*f - 1. Let t be r(-5). What is the highest common divisor of t and b?
15
Suppose 2*c = 4*p - 2*p + 42, -2*c + 5*p = -51. Let g be c/(-27)*(-14 - 1). Calculate the highest common divisor of 80 and g.
10
Suppose 4*j - 28 = -4*c, j - 6*j + 2*c + 56 = 0. Let u be (-246)/(-15) - 4/j. What is the highest common factor of u and 2?
2
Let p = -118 - -140. Calculate the highest common factor of 242 and p.
22
Let l be 1/((0 - -1)/39). Suppose 12*j - 14*j + 26 = 0. What is the greatest common factor of j and l?
13
Let t(p) = 34*p + 2. Let r be t(1). Calculate the greatest common factor of r and 54.
18
Let r = 7 - 3. Let m be -8*1/(r/3). Let o be -3*((-128)/m)/(-1). What is the highest common divisor of o and 8?
8
Let h = -21 + 75. Let d = 84 - h. Let s(j) = 74*j + 1. Let o be s(1). What is the greatest common divisor of d and o?
15
Suppose 3*m = m + 156. Calculate the highest common factor of m and 26.
26
Suppose 5*t + 4*h = 494, -t + 5*h = -19 - 74. Let i = 38 + -24. Calculate the highest common factor of t and i.
14
Let j = -13 + 58. Let p = 2 + 16. Calculate the highest common factor of j and p.
9
Suppose -5*j - 9*v + 4*v = -80, 3*v - 6 = 0. What is the highest common factor of 98 and j?
14
Suppose 0 = w - 5*r - 55, 2*w - 2*r = 2 + 108. What is the highest common factor of 11 and w?
11
Let g(l) = 2*l - 1. Let q be g(11). Suppose w - q = 14. Calculate the highest common divisor of 5 and w.
5
Suppose 5*y - 8 = 2. Let m(a) = -a + 4. Let w be m(-4). Calculate the greatest common factor of y and w.
2
Let m = -26 + 56. Suppose 0*d + 2*l = 2*d - 46, -4*l - 20 = 0. Let t = m - d. Calculate the highest common factor of t and 96.
12
Let w(g) = -g - 2*g - 3*g + 0*g - 6 - g**2. Let s be w(-4). Calculate the greatest common divisor of 8 and s.
2
Let s(g) = 47*g**3 + 3*g - 2. Let w be s(1). What is the highest common divisor of 120 and w?
24
Let o = -4 - -52. Suppose -18 + o = w. Suppose -5*k + w = -3*k. What is the greatest common factor of k and 3?
3
Suppose -3 = 5*n + 2. Let u be (2/(-3))/(n/3). Suppose -a - u*g = -38, 5*g = -a + 19 + 31. What is the highest common divisor of 10 and a?
10
Let o(q) = q**3 + q + 81. Let s be o(0). Let y(r) = -7*r - 131. Let p be y(-20). What is the greatest common divisor of p and s?
9
Let p be (12/(-9) - 1)*-3. Suppose -241 = -4*a + 67. What is the greatest common factor of p and a?
7
Let u = 22 + -6. Let z(b) = -8*b - 16. Let m be z(-10). Calculate the greatest common divisor of u and m.
16
Suppose 0 = -s + 5, 5*n + 0*s - 5*s = 0. Suppose 2*c + 5*i - 67 = 0, n*c - 51 - 29 = 5*i. Calculate the highest common factor of c and 84.
21
Let h = 46 + -18. Calculate the highest common divisor of h and 14.
14
Let k(i) = -i**2 + 4*i - 6. Let r be k(4). Let g = -3 - r. Suppose 3*f - 24 = -f. What is the greatest common divisor of g and f?
3
Let f = -18 - -8. Let n = f - -14. Calculate the greatest common factor of 2 and n.
2
Let o(y) = y**3 + 11*y**2 + 9*y - 6. Let r be o(-10). Let t = r + 9. Let g = 25 - 12. Calculate the highest common factor of g and t.
13
Suppose -p - 2*f + 5 = -0*p, 0 = 5*p + f - 25. Calculate the greatest common divisor of p and 35.
5
Suppose -4*l + 16 = -2*b, 0 = -6*b + 2*b - l - 41. Let c be 16 - 5/(b/(-4)). Suppose -c + 4 = -w. Calculate the greatest common factor of 10 and w.
10
Suppose 4*m - 7 = 33. Suppose g + 3*x + 6 = -m, -5*g + 3*x = -10. Let p be -6*g*(0 - -3). Calculate the highest common factor of p and 12.
6
Let z be (-14)/3*(-3)/1. Let b = 353 + -227. What is the greatest common factor of b and z?
14
Let w(f) = f - 2. Let l be w(8). Suppose 3*o + 3*j = 2*o + 9, 4*o + j = 14. Calculate the greatest common factor of o and l.
3
Suppose 3*d + d = 392. Suppose 5*w - d = 172. Let z(m) = m**3 - 4*m**2 + m + 2. Let y be z(4). What is the greatest common factor of y and w?
6
Let x = 13 - 23. Let v = x + 16. Calculate the highest common factor of 24 and v.
6
Suppose -i + 3*c = 4*i - 10, 5*i - 2*c = 10. Suppose 5*m - 290 = -0*m - 2*r, i*r - 50 = -m. Suppose 5*z - 90 = m. What is the highest common factor of 20 and z?
10
Let d be (-14)/(-4)*(7 + -5). Calculate the highest common factor of d and 21.
7
Let x = 133 - 109. What is the greatest common divisor of 168 and x?
24
Let b = 77 - 49. Calculate the greatest common divisor of 56 and b.
28
Suppose -4*i + 186 = -6. What is the greatest common factor of 24 and i?
24
Let d be (54/4)/((-2)/4). Let i be 14/6 - (-9)/d. Calculate the greatest common divisor of i and 2.
2
Let o be (2 - (-12)/(-9))*3. Let v = -1 - -2. What is the highest common divisor of o and v?
1
Let o = 28 + 2. Calculate the greatest common divisor of 20 and o.
10
Suppose 3 = 6*u - 3*u. What is the greatest common divisor of 2 and u?
1
Suppose -2*y + k = -45, 6*y + 4*k = 2*y + 84. Let v = -14 - -5. Let q = v + y. What is the highest common factor of 26 and q?
13
Suppose -t + 125 = w - 320, -3*w + 5*t = -1375. Suppose 0 = -l - 4*l + w. Let v be ((-2)/2 - -11)/1. What is the highest common divisor of v and l?
10
Suppose 3*b = 3*i + 51, -4*b + i + 53 = -0*b. Calculate the greatest common factor of 8 and b.
4
Suppose -3*p + 3*g + 18 = 0, 0 = 4*g + g. Suppose p = 3*a - 9. Let i = 19 - -36. What is the highest common divisor of a and i?
5
Let j = 5 + -2. Suppose -231 = j*k - 6*k. Calculate the highest common divisor of k and 11.
11
Suppose -3*u - i = -13, 0 = 2*u - 3*i - 11 - 5. Suppose 2*q + u*o = -q + 65, -o + 49 = 3*q. What is the greatest common factor of q and 3?
3
Let o be (-24)/(4*5/(-50)). Calculate the greatest common divisor of 12 and o.
12
Suppose -7*r + 8 = -5*r. Calculate the greatest common divisor of r and 16.
4
Suppose m - 3*p = -2*m + 330, -2*m - 5*p = -206. Let l(k) = k**3 - 10*k**2 + 16*k + 27. Let j be l(8). Calculate the greatest common factor of m and j.
27
Let i be ((-22)/5 + 4)*-25. Let k = 37 - 11. Let s = k - 16. What is the highest common divisor of i and s?
10
Let i(m) = 11*m + 12. Let q be i(8). Calculate the greatest common divisor of q and 20.
20
Let z(p) = p**3 + 7*p**2 + 7*p + 1. Let l be z(-4). Calculate the greatest common divisor of l and 7.
7
Let p = 28 + -9. What is the greatest common factor of p and 133?
19
Suppose 5*b = 7*b - 80. What is the greatest common factor of 8 and b?
8
Suppose -10 - 26 = 2*v. Let d be ((-6)/v)/(1/15). Suppose d*g - 8 = 2. Calculate the greatest common divisor of g and 10.
2
Suppose -12 = o - 116. Suppose 2*f = f + 13. Calculate the greatest common factor of f and o.
13
Let d = 5 + 3. Calculate the highest common divisor of d and 72.
8
Suppose 0 = -u - 5*b - 3 + 26, -5*u + 31 = 4*b. What is the highest common factor of u and 96?
3
Let p(t) = -4*t + 5. Let x be p(-5). What is the greatest common divisor of 275 and x?
25
Suppose 0 = 3*x + 9 - 24. 